he highest common factor of x and 320.
5
Let t be 0 - (31*-1 - (13 - 14)). What is the greatest common factor of t and 60?
30
Suppose -16*l + 13*l = -24. Calculate the highest common factor of 720 and l.
8
Let v = 78 + -76. Suppose -3*g - 5*p + 80 = -2*g, 0 = v*p - 8. What is the greatest common divisor of g and 40?
20
Suppose -2*x = 2*x + 4. Let y = x - -17. Calculate the greatest common factor of 16 and y.
16
Let v be ((-5)/3 - -1)*-21. Suppose -a - 20 = -5*a + 4*g, 0 = -5*a - 4*g + 43. Calculate the highest common factor of a and v.
7
Let c(f) = -7*f + 19. Let h be c(-5). Calculate the greatest common divisor of 135 and h.
27
Suppose 0*d = -8*d + 1008. Calculate the greatest common factor of 98 and d.
14
Suppose 5*p = f - 57, 0 = f + 11*p - 12*p - 37. Calculate the highest common divisor of f and 152.
8
Let x be 128/(-48)*(3/(-2) + -3). What is the greatest common factor of x and 66?
6
Suppose -610 = -d - 489. Calculate the greatest common divisor of d and 33.
11
Let k(l) = 17*l + 27*l - 50*l + 4. Let p be k(-2). What is the highest common factor of 8 and p?
8
Let r(h) = -3*h**2 - 27*h - 34. Let n be r(-10). Let t = n - -69. Calculate the greatest common divisor of 35 and t.
5
Let w(i) = -8*i - 27. Let r be w(-5). Let y = r + 14. What is the greatest common divisor of y and 3?
3
Let b(s) = s**2 - 2*s - 18. Let d be b(7). Suppose -2*r = -3*i - 39, 7 = 2*r + 2*i - d. Calculate the highest common divisor of 15 and r.
15
Suppose 2*j - 8 = j. Let l(o) = -2 - j*o + o**3 - 6 - 5*o**2 + 1. Let g be l(7). What is the highest common divisor of g and 14?
7
Suppose 2*a = u + 50 - 18, 0 = 3*a + 4*u - 26. Suppose a*i = 849 + 537. Calculate the highest common divisor of 9 and i.
9
Suppose -w = -4, 2*b = -3*b - 3*w + 132. Suppose -56 - b = -8*v. Calculate the greatest common factor of 110 and v.
10
Let m = -173 + 269. Calculate the highest common factor of 144 and m.
48
Suppose 12*c - 853 = 71. Calculate the highest common factor of c and 22.
11
Suppose 4*n - 170 = 2*p, -239 + 66 = -4*n + p. Calculate the highest common divisor of 902 and n.
22
Let g(q) = q**3 + 12*q**2 - 7*q + 6. Let y be g(-6). Let z be 16/(-28) - y/(-21). What is the greatest common divisor of z and 3?
3
Suppose -q - 3*q + 672 = 0. What is the highest common factor of q and 24?
24
Let a be 71 - 2/(-6)*-18. What is the highest common divisor of 13 and a?
13
Let k be (-21)/14*12/(-9). Suppose -k*v - v = 228. Let u = v - -118. What is the highest common divisor of 21 and u?
21
Let z = -76 + 133. Let q = 57 - 61. Let n(s) = 2*s + 27. Let y be n(q). What is the highest common factor of z and y?
19
Let r be (1 - 41)*(-245)/196. Calculate the highest common divisor of r and 125.
25
Let z be ((-2)/(-8)*0)/(-3) + 30. What is the highest common divisor of 10 and z?
10
Let g = 256 - 166. Suppose 4*h + 16 = 2*k, 0*h - 4*h - 2*k = 8. Let n = 15 - h. Calculate the greatest common divisor of g and n.
18
Suppose -4*m + 101 = c - 36, 5*m = -c + 170. Calculate the greatest common divisor of m and 319.
11
Suppose 16*x - 21*x = 205. Let r = x + 51. Let h(o) = 20*o. Let p be h(4). What is the greatest common factor of p and r?
10
Let o(c) = -8*c + 42. Let k(x) = 2*x + 3. Let n be k(1). Let g be o(n). What is the greatest common divisor of 5 and g?
1
Let s(k) = 2*k - 38. Let l be s(20). Suppose -223 = -4*w - l*m + 3*m, 2*m = -w + 49. What is the greatest common divisor of 5 and w?
5
Suppose 3*n = -4*n - 91. Let j = 11 - n. Calculate the highest common factor of 36 and j.
12
Suppose -x + 3 = -1. Let d = 61 - 43. Let g be x/d - 70/(-9). What is the greatest common divisor of g and 16?
8
Let n = -202 + 409. What is the highest common divisor of n and 552?
69
Suppose -18 = -h - 3*l, 15*l = 5*h + 12*l. What is the highest common factor of h and 15?
3
Suppose 5*f - 25 = 0, 3*f = p - f - 10. Let n be ((-108)/p)/((-4)/30). What is the highest common factor of n and 189?
27
Let i be (20/(-8) + 2)*-30. Suppose 155 = 26*v - 2965. Calculate the greatest common divisor of i and v.
15
Let a = 75 + 711. What is the highest common factor of 6 and a?
6
Let j(c) be the second derivative of 13*c**3/2 + 9*c**2 - 21*c. Let x be j(6). Calculate the highest common factor of x and 28.
28
Let g be (5 - 3)*1/2. Let a = 29 - -31. Let s = a + -51. What is the highest common factor of s and g?
1
Let g(w) be the first derivative of -w**2 - 8*w + 6. Let a be g(-11). What is the greatest common divisor of 28 and a?
14
Suppose s = -5*z + 485, -2*s + 6*s - 4*z - 1844 = 0. Calculate the highest common divisor of 60 and s.
15
Let u(g) = -g**3 + 8*g**2 + 10*g - 5. Let s be u(9). Suppose -3*o + 2*a + 9 = 0, -5*a + 2*a - 9 = 0. Calculate the greatest common divisor of s and o.
1
Suppose 3*h + h = 36. Let s(b) = 2*b - 7. Let p be s(6). Suppose -p*r + 20 = 0, -3*r + 236 = 3*v + 2*r. Calculate the highest common divisor of h and v.
9
Suppose 1066 = 3*m + 5*r, -3*r + 1068 = 3*m - 0*r. What is the highest common factor of m and 42?
21
Let l be -1 - (-3 - 3*3/9). Suppose 5*m + 5 = 2*h, -2*h + l*m + 30 = h. What is the highest common factor of h and 120?
15
Let m = 65 - 56. Suppose 255 = 3*l - 3*z, m*l = 5*l - 2*z + 370. Calculate the greatest common divisor of l and 10.
10
Let j = 116 + -17. What is the highest common factor of 77 and j?
11
Let f be (-1 + 0 + 2)/((-63)/3843). Let n = f - -88. What is the greatest common divisor of 54 and n?
27
Let f be -3 + 16/4 - -1. Calculate the greatest common divisor of f and 10.
2
Suppose 2259 = -6*d + 15*d. Suppose -d = -4*h - 31. Calculate the greatest common divisor of 5 and h.
5
Suppose -y = y + 26. Let d(o) = -22*o**2 - 13*o - 14. Let b be d(-1). Let v = y - b. Calculate the greatest common divisor of v and 50.
10
Let r = 72 - 66. Suppose -5*b + 1309 = -4*n, r = -2*n + 4. What is the highest common divisor of b and 29?
29
Suppose 0 = 3*r + 3*f - 8*f - 379, 0 = -r + 4*f + 124. Let n = 333 + r. Let q be (-2)/(-12) + n/6. What is the highest common factor of 11 and q?
11
Suppose -3*z + 0*z = 0. Suppose m = -z*m + 8. Suppose 3*o = -2*o + 4*c + 44, -4 = 4*c. What is the greatest common divisor of o and m?
8
Suppose 2*a - 14 = 2. Suppose 3*w + w = a. Let l = 228 - 223. Calculate the greatest common divisor of w and l.
1
Suppose -4*c + 3*b = -9, 3*c + 2*b - 3*b - 8 = 0. Suppose 3*n - c = -0*n. Let t be n*(5 - 2)*10. What is the highest common factor of 60 and t?
30
Suppose 2*g - 7 + 1 = 0. Let w be (10/(-4))/((-4)/40). Suppose w = g*t - 11. Calculate the highest common divisor of t and 84.
12
Let h(q) = -q**3 + 17*q**2 + 9*q - 126. Let g be h(17). What is the highest common divisor of 189 and g?
27
Suppose 0*p + 12122 = 19*p. Calculate the highest common factor of 22 and p.
22
Let m(y) = 18*y**2 - 20*y + 80. Let x be m(4). What is the highest common divisor of 9 and x?
9
Let g(o) = -2*o - 21. Let m(c) = c + 20. Let u(h) = 2*g(h) + 3*m(h). Let d be u(10). What is the highest common divisor of d and 2?
2
Let o = 878 + -434. Calculate the highest common factor of 120 and o.
12
Let d(b) = 11*b**2. Let z be d(1). Suppose -14*j + z*j + 9 = 0. Let i be -3 - (-4 - -2) - -10. Calculate the highest common divisor of i and j.
3
Let w(h) = -h + 6. Let x = 31 + -12. Let f = -14 + x. Let s be w(f). Calculate the highest common divisor of 1 and s.
1
Let i(b) = -5 + 7 - 1 + 4 + b**3 - 6*b**2. Let a be i(6). Let o = 22 + 3. Calculate the highest common factor of o and a.
5
Let m be (3 - 4)/((-2)/(-4)). Let f be m/12 + (-255)/(-18). What is the greatest common divisor of f and 35?
7
Let p = 2549 - 2325. Calculate the highest common divisor of 196 and p.
28
Let u(w) be the third derivative of -w**4/24 - 9*w**3/2 - 13*w**2. Let t be u(-19). Let l = t + 16. Calculate the highest common factor of 64 and l.
8
Let h be (0 - (0 - -1))*-26. Let g = 127 + -167. Let j be (-7)/(168/g) - (-112)/3. Calculate the highest common divisor of h and j.
13
Suppose 12*i - 608 = 11*i. Calculate the greatest common factor of 76 and i.
76
Let v = 104 + 61. What is the highest common factor of v and 60?
15
Let f be (15/2)/((-1)/66*-11). Calculate the highest common factor of 195 and f.
15
Let g(v) = v**3 - 6*v**2 - 6*v + 11. Let w(j) = 2*j + 27. Let c be w(-10). Let l be g(c). Calculate the greatest common divisor of 45 and l.
9
Let h = 6 + -5. Suppose